{"id":11176,"date":"2026-01-08T14:59:18","date_gmt":"2026-01-08T22:59:18","guid":{"rendered":"https:\/\/www.emboldcu.org\/?post_type=tribe_events&#038;p=11176"},"modified":"2026-01-08T14:59:18","modified_gmt":"2026-01-08T22:59:18","slug":"christmas-eve-2","status":"publish","type":"tribe_events","link":"https:\/\/www.emboldcu.org\/es\/event\/christmas-eve-2\/","title":{"rendered":"Nochebuena"},"content":{"rendered":"<h3>Las sucursales de Embold cerrar\u00e1n temprano el jueves 24 de diciembre a la 1:00 p. m. en conmemoraci\u00f3n de la Nochebuena.<\/h3>\n<p>Con <a href=\"https:\/\/www.emboldcu.org\/es\/digital-banking\/\">Banca Digital<\/a>, la cooperativa de ahorro y cr\u00e9dito nunca est\u00e1 realmente cerrada. Puede realizar dep\u00f3sitos m\u00f3viles, pr\u00e9stamos, transferencias y m\u00e1s con solo unos pocos toques o clics usando su computadora o tel\u00e9fono inteligente.<\/p>","protected":false},"excerpt":{"rendered":"<p>Las sucursales de Embold cerrar\u00e1n temprano el jueves 24 de diciembre a la 1 p. m. en conmemoraci\u00f3n de la Nochebuena. Con la Banca Digital, la cooperativa de cr\u00e9dito nunca cierra del todo. Puedes hacer\u2026 <a href=\"https:\/\/www.emboldcu.org\/es\/event\/christmas-eve-2\/\">Lee mas<\/a><\/p>","protected":false},"author":15,"featured_media":0,"template":"","meta":{"_acf_changed":false,"_tribe_events_status":"","_tribe_events_status_reason":"","footnotes":""},"tags":[],"tribe_events_cat":[15],"class_list":["post-11176","tribe_events","type-tribe_events","status-publish","hentry","tribe_events_cat-branch-office-closures","cat_branch-office-closures"],"acf":[],"yoast_head":"<!-- This site is optimized with the Yoast SEO Premium plugin v27.2 (Yoast SEO v27.2) - https:\/\/yoast.com\/product\/yoast-seo-premium-wordpress\/ -->\n<title>Christmas Eve | Embold Credit Union<\/title>\n<meta name=\"robots\" content=\"index, follow, max-snippet:-1, max-image-preview:large, max-video-preview:-1\" \/>\n<link rel=\"canonical\" href=\"https:\/\/www.emboldcu.org\/es\/event\/christmas-eve-2\/\" \/>\n<meta property=\"og:locale\" content=\"es_ES\" \/>\n<meta property=\"og:type\" content=\"article\" \/>\n<meta property=\"og:title\" content=\"Christmas Eve\" \/>\n<meta property=\"og:description\" content=\"Embold branches will be closing early on Thursday, December 24th at 1PM in observance of Christmas Eve. With Digital Banking, the credit union is never really closed. You can make\u2026 Read more\" \/>\n<meta property=\"og:url\" content=\"https:\/\/www.emboldcu.org\/es\/event\/christmas-eve-2\/\" \/>\n<meta property=\"og:site_name\" content=\"Embold Credit Union\" \/>\n<meta property=\"article:publisher\" content=\"https:\/\/www.facebook.com\/emboldcu\" \/>\n<meta name=\"twitter:card\" content=\"summary_large_image\" \/>\n<meta name=\"twitter:site\" content=\"@emboldcu\" \/>\n<meta name=\"twitter:label1\" content=\"Est. reading time\" \/>\n\t<meta name=\"twitter:data1\" content=\"1 minuto\" \/>\n<script type=\"application\/ld+json\" class=\"yoast-schema-graph\">{\"@context\":\"https:\/\/schema.org\",\"@graph\":[{\"@type\":\"WebPage\",\"@id\":\"https:\/\/www.emboldcu.org\/event\/christmas-eve-2\/\",\"url\":\"https:\/\/www.emboldcu.org\/event\/christmas-eve-2\/\",\"name\":\"Christmas Eve | Embold Credit Union\",\"isPartOf\":{\"@id\":\"https:\/\/www.emboldcu.org\/#website\"},\"datePublished\":\"2026-01-08T22:59:18+00:00\",\"breadcrumb\":{\"@id\":\"https:\/\/www.emboldcu.org\/event\/christmas-eve-2\/#breadcrumb\"},\"inLanguage\":\"es-ES\",\"potentialAction\":[{\"@type\":\"ReadAction\",\"target\":[\"https:\/\/www.emboldcu.org\/event\/christmas-eve-2\/\"]}]},{\"@type\":\"BreadcrumbList\",\"@id\":\"https:\/\/www.emboldcu.org\/event\/christmas-eve-2\/#breadcrumb\",\"itemListElement\":[{\"@type\":\"ListItem\",\"position\":1,\"name\":\"Home\",\"item\":\"https:\/\/www.emboldcu.org\/\"},{\"@type\":\"ListItem\",\"position\":2,\"name\":\"Events\",\"item\":\"https:\/\/www.emboldcu.org\/es\/events\/\"},{\"@type\":\"ListItem\",\"position\":3,\"name\":\"Christmas Eve\"}]},{\"@type\":\"WebSite\",\"@id\":\"https:\/\/www.emboldcu.org\/#website\",\"url\":\"https:\/\/www.emboldcu.org\/\",\"name\":\"Embold Credit Union\",\"description\":\"We\u2019ve got your back at Embold\",\"publisher\":{\"@id\":\"https:\/\/www.emboldcu.org\/#organization\"},\"potentialAction\":[{\"@type\":\"SearchAction\",\"target\":{\"@type\":\"EntryPoint\",\"urlTemplate\":\"https:\/\/www.emboldcu.org\/?s={search_term_string}\"},\"query-input\":{\"@type\":\"PropertyValueSpecification\",\"valueRequired\":true,\"valueName\":\"search_term_string\"}}],\"inLanguage\":\"es-ES\"},{\"@type\":\"Organization\",\"@id\":\"https:\/\/www.emboldcu.org\/#organization\",\"name\":\"Embold Credit Union\",\"url\":\"https:\/\/www.emboldcu.org\/\",\"logo\":{\"@type\":\"ImageObject\",\"inLanguage\":\"es-ES\",\"@id\":\"https:\/\/www.emboldcu.org\/#\/schema\/logo\/image\/\",\"url\":\"https:\/\/www.emboldcu.org\/wp-content\/uploads\/2023\/03\/Embold_XDI_Email_footer.jpg\",\"contentUrl\":\"https:\/\/www.emboldcu.org\/wp-content\/uploads\/2023\/03\/Embold_XDI_Email_footer.jpg\",\"width\":348,\"height\":179,\"caption\":\"Embold Credit Union\"},\"image\":{\"@id\":\"https:\/\/www.emboldcu.org\/#\/schema\/logo\/image\/\"},\"sameAs\":[\"https:\/\/www.facebook.com\/emboldcu\",\"https:\/\/x.com\/emboldcu\"]}]}<\/script>\n<!-- \/ Yoast SEO Premium plugin. -->","yoast_head_json":{"title":"Nochebuena | Embold Credit Union","robots":{"index":"index","follow":"follow","max-snippet":"max-snippet:-1","max-image-preview":"max-image-preview:large","max-video-preview":"max-video-preview:-1"},"canonical":"https:\/\/www.emboldcu.org\/es\/event\/christmas-eve-2\/","og_locale":"es_ES","og_type":"article","og_title":"Christmas Eve","og_description":"Embold branches will be closing early on Thursday, December 24th at 1PM in observance of Christmas Eve. With Digital Banking, the credit union is never really closed. You can make\u2026 Read more","og_url":"https:\/\/www.emboldcu.org\/es\/event\/christmas-eve-2\/","og_site_name":"Embold Credit Union","article_publisher":"https:\/\/www.facebook.com\/emboldcu","twitter_card":"summary_large_image","twitter_site":"@emboldcu","twitter_misc":{"Est. reading time":"1 minuto"},"schema":{"@context":"https:\/\/schema.org","@graph":[{"@type":"WebPage","@id":"https:\/\/www.emboldcu.org\/event\/christmas-eve-2\/","url":"https:\/\/www.emboldcu.org\/event\/christmas-eve-2\/","name":"Nochebuena | Embold Credit Union","isPartOf":{"@id":"https:\/\/www.emboldcu.org\/#website"},"datePublished":"2026-01-08T22:59:18+00:00","breadcrumb":{"@id":"https:\/\/www.emboldcu.org\/event\/christmas-eve-2\/#breadcrumb"},"inLanguage":"es-ES","potentialAction":[{"@type":"ReadAction","target":["https:\/\/www.emboldcu.org\/event\/christmas-eve-2\/"]}]},{"@type":"BreadcrumbList","@id":"https:\/\/www.emboldcu.org\/event\/christmas-eve-2\/#breadcrumb","itemListElement":[{"@type":"ListItem","position":1,"name":"Home","item":"https:\/\/www.emboldcu.org\/"},{"@type":"ListItem","position":2,"name":"Events","item":"https:\/\/www.emboldcu.org\/es\/events\/"},{"@type":"ListItem","position":3,"name":"Christmas Eve"}]},{"@type":"WebSite","@id":"https:\/\/www.emboldcu.org\/#website","url":"https:\/\/www.emboldcu.org\/","name":"Cooperativa de cr\u00e9dito Embold","description":"En Embold te cubrimos las espaldas","publisher":{"@id":"https:\/\/www.emboldcu.org\/#organization"},"potentialAction":[{"@type":"SearchAction","target":{"@type":"EntryPoint","urlTemplate":"https:\/\/www.emboldcu.org\/?s={search_term_string}"},"query-input":{"@type":"PropertyValueSpecification","valueRequired":true,"valueName":"search_term_string"}}],"inLanguage":"es-ES"},{"@type":"Organization","@id":"https:\/\/www.emboldcu.org\/#organization","name":"Cooperativa de cr\u00e9dito Embold","url":"https:\/\/www.emboldcu.org\/","logo":{"@type":"ImageObject","inLanguage":"es-ES","@id":"https:\/\/www.emboldcu.org\/#\/schema\/logo\/image\/","url":"https:\/\/www.emboldcu.org\/wp-content\/uploads\/2023\/03\/Embold_XDI_Email_footer.jpg","contentUrl":"https:\/\/www.emboldcu.org\/wp-content\/uploads\/2023\/03\/Embold_XDI_Email_footer.jpg","width":348,"height":179,"caption":"Embold Credit Union"},"image":{"@id":"https:\/\/www.emboldcu.org\/#\/schema\/logo\/image\/"},"sameAs":["https:\/\/www.facebook.com\/emboldcu","https:\/\/x.com\/emboldcu"]}]}},"_links":{"self":[{"href":"https:\/\/www.emboldcu.org\/es\/wp-json\/wp\/v2\/tribe_events\/11176","targetHints":{"allow":["GET"]}}],"collection":[{"href":"https:\/\/www.emboldcu.org\/es\/wp-json\/wp\/v2\/tribe_events"}],"about":[{"href":"https:\/\/www.emboldcu.org\/es\/wp-json\/wp\/v2\/types\/tribe_events"}],"author":[{"embeddable":true,"href":"https:\/\/www.emboldcu.org\/es\/wp-json\/wp\/v2\/users\/15"}],"version-history":[{"count":1,"href":"https:\/\/www.emboldcu.org\/es\/wp-json\/wp\/v2\/tribe_events\/11176\/revisions"}],"predecessor-version":[{"id":11177,"href":"https:\/\/www.emboldcu.org\/es\/wp-json\/wp\/v2\/tribe_events\/11176\/revisions\/11177"}],"wp:attachment":[{"href":"https:\/\/www.emboldcu.org\/es\/wp-json\/wp\/v2\/media?parent=11176"}],"wp:term":[{"taxonomy":"post_tag","embeddable":true,"href":"https:\/\/www.emboldcu.org\/es\/wp-json\/wp\/v2\/tags?post=11176"},{"taxonomy":"tribe_events_cat","embeddable":true,"href":"https:\/\/www.emboldcu.org\/es\/wp-json\/wp\/v2\/tribe_events_cat?post=11176"}],"curies":[{"name":"wp","href":"https:\/\/api.w.org\/{rel}","templated":true}]}}

<h3>Las sucursales de Embold cerrarán temprano el jueves 24 de diciembre a la 1:00 p. m. en conmemoración de la Nochebuena.</h3>
<p>Con <a href="https://www.emboldcu.org/es/digital-banking/">Banca Digital</a>, la cooperativa de ahorro y crédito nunca está realmente cerrada. Puede realizar depósitos móviles, préstamos, transferencias y más con solo unos pocos toques o clics usando su computadora o teléfono inteligente.</p>

<p>Las sucursales de Embold cerrarán temprano el jueves 24 de diciembre a la 1 p. m. en conmemoración de la Nochebuena. Con la Banca Digital, la cooperativa de crédito nunca cierra del todo. Puedes hacer… <a href="https://www.emboldcu.org/es/event/christmas-eve-2/">Lee mas</a></p>

Cooperativa de crédito Embold
