{"id":7629,"date":"2023-02-02T11:56:43","date_gmt":"2023-02-02T19:56:43","guid":{"rendered":"https:\/\/www.emboldcu.org\/?post_type=tribe_events&#038;p=7629"},"modified":"2024-02-12T12:35:28","modified_gmt":"2024-02-12T20:35:28","slug":"presidents-day-2024","status":"publish","type":"tribe_events","link":"https:\/\/www.emboldcu.org\/es\/event\/presidents-day-2024\/","title":{"rendered":"D\u00eda del Presidente"},"content":{"rendered":"<h3>Las sucursales de Embold estar\u00e1n cerradas el lunes 19 de febrero en conmemoraci\u00f3n del D\u00eda de los Presidentes.<\/h3>\n<p>Con <a href=\"https:\/\/www.emboldcu.org\/es\/digital-banking\/\">Banca Digital<\/a>, la cooperativa de ahorro y cr\u00e9dito nunca est\u00e1 realmente cerrada. Puede realizar dep\u00f3sitos m\u00f3viles, pr\u00e9stamos, transferencias y m\u00e1s con solo unos pocos toques o clics usando su computadora o tel\u00e9fono inteligente.<\/p>","protected":false},"excerpt":{"rendered":"<p>Las sucursales de Embold estar\u00e1n cerradas el lunes 19 de febrero en conmemoraci\u00f3n del D\u00eda de los Presidentes. Con la Banca Digital, la cooperativa de cr\u00e9dito nunca est\u00e1 realmente cerrada. Podr\u00e1s realizar dep\u00f3sitos m\u00f3viles, pr\u00e9stamos,\u2026 <a href=\"https:\/\/www.emboldcu.org\/es\/event\/presidents-day-2024\/\">Lee mas<\/a><\/p>","protected":false},"author":9,"featured_media":0,"template":"","meta":{"_acf_changed":false,"_tribe_events_status":"","_tribe_events_status_reason":"","footnotes":""},"tags":[],"tribe_events_cat":[15],"class_list":["post-7629","tribe_events","type-tribe_events","status-publish","hentry","tribe_events_cat-branch-office-closures","cat_branch-office-closures"],"acf":[],"yoast_head":"<!-- This site is optimized with the Yoast SEO Premium plugin v27.2 (Yoast SEO v27.2) - https:\/\/yoast.com\/product\/yoast-seo-premium-wordpress\/ -->\n<title>Presidents Day | Embold Credit Union<\/title>\n<meta name=\"robots\" content=\"index, follow, max-snippet:-1, max-image-preview:large, max-video-preview:-1\" \/>\n<link rel=\"canonical\" href=\"https:\/\/www.emboldcu.org\/es\/event\/presidents-day-2024\/\" \/>\n<meta property=\"og:locale\" content=\"es_ES\" \/>\n<meta property=\"og:type\" content=\"article\" \/>\n<meta property=\"og:title\" content=\"Presidents Day\" \/>\n<meta property=\"og:description\" content=\"Embold branches will be closed on Monday, February 19th in observance of Presidents Day. With Digital Banking, the credit union is never really closed. You can make mobile deposits, loans,\u2026 Read more\" \/>\n<meta property=\"og:url\" content=\"https:\/\/www.emboldcu.org\/es\/event\/presidents-day-2024\/\" \/>\n<meta property=\"og:site_name\" content=\"Embold Credit Union\" \/>\n<meta property=\"article:publisher\" content=\"https:\/\/www.facebook.com\/emboldcu\" \/>\n<meta property=\"article:modified_time\" content=\"2024-02-12T20:35:28+00:00\" \/>\n<meta name=\"twitter:card\" content=\"summary_large_image\" \/>\n<meta name=\"twitter:site\" content=\"@emboldcu\" \/>\n<meta name=\"twitter:label1\" content=\"Est. reading time\" \/>\n\t<meta name=\"twitter:data1\" content=\"1 minuto\" \/>\n<script type=\"application\/ld+json\" class=\"yoast-schema-graph\">{\"@context\":\"https:\/\/schema.org\",\"@graph\":[{\"@type\":\"WebPage\",\"@id\":\"https:\/\/www.emboldcu.org\/event\/presidents-day-2024\/\",\"url\":\"https:\/\/www.emboldcu.org\/event\/presidents-day-2024\/\",\"name\":\"Presidents Day | Embold Credit Union\",\"isPartOf\":{\"@id\":\"https:\/\/www.emboldcu.org\/#website\"},\"datePublished\":\"2023-02-02T19:56:43+00:00\",\"dateModified\":\"2024-02-12T20:35:28+00:00\",\"breadcrumb\":{\"@id\":\"https:\/\/www.emboldcu.org\/event\/presidents-day-2024\/#breadcrumb\"},\"inLanguage\":\"es-ES\",\"potentialAction\":[{\"@type\":\"ReadAction\",\"target\":[\"https:\/\/www.emboldcu.org\/event\/presidents-day-2024\/\"]}]},{\"@type\":\"BreadcrumbList\",\"@id\":\"https:\/\/www.emboldcu.org\/event\/presidents-day-2024\/#breadcrumb\",\"itemListElement\":[{\"@type\":\"ListItem\",\"position\":1,\"name\":\"Home\",\"item\":\"https:\/\/www.emboldcu.org\/\"},{\"@type\":\"ListItem\",\"position\":2,\"name\":\"Events\",\"item\":\"https:\/\/www.emboldcu.org\/es\/events\/\"},{\"@type\":\"ListItem\",\"position\":3,\"name\":\"Presidents Day\"}]},{\"@type\":\"WebSite\",\"@id\":\"https:\/\/www.emboldcu.org\/#website\",\"url\":\"https:\/\/www.emboldcu.org\/\",\"name\":\"Embold Credit Union\",\"description\":\"We\u2019ve got your back at Embold\",\"publisher\":{\"@id\":\"https:\/\/www.emboldcu.org\/#organization\"},\"potentialAction\":[{\"@type\":\"SearchAction\",\"target\":{\"@type\":\"EntryPoint\",\"urlTemplate\":\"https:\/\/www.emboldcu.org\/?s={search_term_string}\"},\"query-input\":{\"@type\":\"PropertyValueSpecification\",\"valueRequired\":true,\"valueName\":\"search_term_string\"}}],\"inLanguage\":\"es-ES\"},{\"@type\":\"Organization\",\"@id\":\"https:\/\/www.emboldcu.org\/#organization\",\"name\":\"Embold Credit Union\",\"url\":\"https:\/\/www.emboldcu.org\/\",\"logo\":{\"@type\":\"ImageObject\",\"inLanguage\":\"es-ES\",\"@id\":\"https:\/\/www.emboldcu.org\/#\/schema\/logo\/image\/\",\"url\":\"https:\/\/www.emboldcu.org\/wp-content\/uploads\/2023\/03\/Embold_XDI_Email_footer.jpg\",\"contentUrl\":\"https:\/\/www.emboldcu.org\/wp-content\/uploads\/2023\/03\/Embold_XDI_Email_footer.jpg\",\"width\":348,\"height\":179,\"caption\":\"Embold Credit Union\"},\"image\":{\"@id\":\"https:\/\/www.emboldcu.org\/#\/schema\/logo\/image\/\"},\"sameAs\":[\"https:\/\/www.facebook.com\/emboldcu\",\"https:\/\/x.com\/emboldcu\"]}]}<\/script>\n<!-- \/ Yoast SEO Premium plugin. -->","yoast_head_json":{"title":"D\u00eda de los Presidentes | Embold Credit Union","robots":{"index":"index","follow":"follow","max-snippet":"max-snippet:-1","max-image-preview":"max-image-preview:large","max-video-preview":"max-video-preview:-1"},"canonical":"https:\/\/www.emboldcu.org\/es\/event\/presidents-day-2024\/","og_locale":"es_ES","og_type":"article","og_title":"Presidents Day","og_description":"Embold branches will be closed on Monday, February 19th in observance of Presidents Day. With Digital Banking, the credit union is never really closed. You can make mobile deposits, loans,\u2026 Read more","og_url":"https:\/\/www.emboldcu.org\/es\/event\/presidents-day-2024\/","og_site_name":"Embold Credit Union","article_publisher":"https:\/\/www.facebook.com\/emboldcu","article_modified_time":"2024-02-12T20:35:28+00:00","twitter_card":"summary_large_image","twitter_site":"@emboldcu","twitter_misc":{"Est. reading time":"1 minuto"},"schema":{"@context":"https:\/\/schema.org","@graph":[{"@type":"WebPage","@id":"https:\/\/www.emboldcu.org\/event\/presidents-day-2024\/","url":"https:\/\/www.emboldcu.org\/event\/presidents-day-2024\/","name":"D\u00eda de los Presidentes | Embold Credit Union","isPartOf":{"@id":"https:\/\/www.emboldcu.org\/#website"},"datePublished":"2023-02-02T19:56:43+00:00","dateModified":"2024-02-12T20:35:28+00:00","breadcrumb":{"@id":"https:\/\/www.emboldcu.org\/event\/presidents-day-2024\/#breadcrumb"},"inLanguage":"es-ES","potentialAction":[{"@type":"ReadAction","target":["https:\/\/www.emboldcu.org\/event\/presidents-day-2024\/"]}]},{"@type":"BreadcrumbList","@id":"https:\/\/www.emboldcu.org\/event\/presidents-day-2024\/#breadcrumb","itemListElement":[{"@type":"ListItem","position":1,"name":"Home","item":"https:\/\/www.emboldcu.org\/"},{"@type":"ListItem","position":2,"name":"Events","item":"https:\/\/www.emboldcu.org\/es\/events\/"},{"@type":"ListItem","position":3,"name":"Presidents Day"}]},{"@type":"WebSite","@id":"https:\/\/www.emboldcu.org\/#website","url":"https:\/\/www.emboldcu.org\/","name":"Cooperativa de cr\u00e9dito Embold","description":"En Embold te cubrimos las espaldas","publisher":{"@id":"https:\/\/www.emboldcu.org\/#organization"},"potentialAction":[{"@type":"SearchAction","target":{"@type":"EntryPoint","urlTemplate":"https:\/\/www.emboldcu.org\/?s={search_term_string}"},"query-input":{"@type":"PropertyValueSpecification","valueRequired":true,"valueName":"search_term_string"}}],"inLanguage":"es-ES"},{"@type":"Organization","@id":"https:\/\/www.emboldcu.org\/#organization","name":"Cooperativa de cr\u00e9dito Embold","url":"https:\/\/www.emboldcu.org\/","logo":{"@type":"ImageObject","inLanguage":"es-ES","@id":"https:\/\/www.emboldcu.org\/#\/schema\/logo\/image\/","url":"https:\/\/www.emboldcu.org\/wp-content\/uploads\/2023\/03\/Embold_XDI_Email_footer.jpg","contentUrl":"https:\/\/www.emboldcu.org\/wp-content\/uploads\/2023\/03\/Embold_XDI_Email_footer.jpg","width":348,"height":179,"caption":"Embold Credit Union"},"image":{"@id":"https:\/\/www.emboldcu.org\/#\/schema\/logo\/image\/"},"sameAs":["https:\/\/www.facebook.com\/emboldcu","https:\/\/x.com\/emboldcu"]}]}},"_links":{"self":[{"href":"https:\/\/www.emboldcu.org\/es\/wp-json\/wp\/v2\/tribe_events\/7629","targetHints":{"allow":["GET"]}}],"collection":[{"href":"https:\/\/www.emboldcu.org\/es\/wp-json\/wp\/v2\/tribe_events"}],"about":[{"href":"https:\/\/www.emboldcu.org\/es\/wp-json\/wp\/v2\/types\/tribe_events"}],"author":[{"embeddable":true,"href":"https:\/\/www.emboldcu.org\/es\/wp-json\/wp\/v2\/users\/9"}],"version-history":[{"count":3,"href":"https:\/\/www.emboldcu.org\/es\/wp-json\/wp\/v2\/tribe_events\/7629\/revisions"}],"predecessor-version":[{"id":9572,"href":"https:\/\/www.emboldcu.org\/es\/wp-json\/wp\/v2\/tribe_events\/7629\/revisions\/9572"}],"wp:attachment":[{"href":"https:\/\/www.emboldcu.org\/es\/wp-json\/wp\/v2\/media?parent=7629"}],"wp:term":[{"taxonomy":"post_tag","embeddable":true,"href":"https:\/\/www.emboldcu.org\/es\/wp-json\/wp\/v2\/tags?post=7629"},{"taxonomy":"tribe_events_cat","embeddable":true,"href":"https:\/\/www.emboldcu.org\/es\/wp-json\/wp\/v2\/tribe_events_cat?post=7629"}],"curies":[{"name":"wp","href":"https:\/\/api.w.org\/{rel}","templated":true}]}}

Día del Presidente

<h3>Las sucursales de Embold estarán cerradas el lunes 19 de febrero en conmemoración del Día de los Presidentes.</h3>
<p>Con <a href="https://www.emboldcu.org/es/digital-banking/">Banca Digital</a>, la cooperativa de ahorro y crédito nunca está realmente cerrada. Puede realizar depósitos móviles, préstamos, transferencias y más con solo unos pocos toques o clics usando su computadora o teléfono inteligente.</p>

<p>Las sucursales de Embold estarán cerradas el lunes 19 de febrero en conmemoración del Día de los Presidentes. Con la Banca Digital, la cooperativa de crédito nunca está realmente cerrada. Podrás realizar depósitos móviles, préstamos,… <a href="https://www.emboldcu.org/es/event/presidents-day-2024/">Lee mas</a></p>

Día de los Presidentes | Embold Credit Union

Cooperativa de crédito Embold
