{"id":9095,"date":"2023-09-11T09:42:45","date_gmt":"2023-09-11T16:42:45","guid":{"rendered":"https:\/\/www.emboldcu.org\/?post_type=tribe_events&#038;p=9095"},"modified":"2023-09-11T09:42:45","modified_gmt":"2023-09-11T16:42:45","slug":"paying-for-college-2","status":"publish","type":"tribe_events","link":"https:\/\/www.emboldcu.org\/es\/event\/paying-for-college-2\/","title":{"rendered":"pagar la universidad"},"content":{"rendered":"<p><img loading=\"lazy\" decoding=\"async\" class=\"size-medium wp-image-9002\" src=\"https:\/\/www.emboldcu.org\/wp-content\/uploads\/2023\/08\/iStock-638602068-540x360.jpg\" alt=\"\" width=\"540\" height=\"360\" srcset=\"https:\/\/www.emboldcu.org\/wp-content\/uploads\/2023\/08\/iStock-638602068-540x360.jpg 540w, https:\/\/www.emboldcu.org\/wp-content\/uploads\/2023\/08\/iStock-638602068-730x487.jpg 730w, https:\/\/www.emboldcu.org\/wp-content\/uploads\/2023\/08\/iStock-638602068-768x512.jpg 768w, https:\/\/www.emboldcu.org\/wp-content\/uploads\/2023\/08\/iStock-638602068-1536x1024.jpg 1536w, https:\/\/www.emboldcu.org\/wp-content\/uploads\/2023\/08\/iStock-638602068-2048x1365.jpg 2048w, https:\/\/www.emboldcu.org\/wp-content\/uploads\/2023\/08\/iStock-638602068-18x12.jpg 18w, https:\/\/www.emboldcu.org\/wp-content\/uploads\/2023\/08\/iStock-638602068-396x264.jpg 396w, https:\/\/www.emboldcu.org\/wp-content\/uploads\/2023\/08\/iStock-638602068-840x560.jpg 840w, https:\/\/www.emboldcu.org\/wp-content\/uploads\/2023\/08\/iStock-638602068-75x50.jpg 75w\" sizes=\"auto, (max-width: 540px) 100vw, 540px\" \/><\/p>\n<p>\u00bfUsted o alguien que le importa est\u00e1 empezando a preguntarse c\u00f3mo costear la universidad? \u00bfTienes curiosidad por la ayuda financiera y cosas como la FAFSA? \u00bfIntimidado por la frase \u201cpr\u00e9stamos para estudiantes\u201d? \u00a1Ay, las Humanidades!<\/p>\n<p>No temas: nuestro taller sobre c\u00f3mo pagar la universidad est\u00e1 aqu\u00ed para brindar tranquilidad y orientaci\u00f3n a todos los aspirantes a estudiantes universitarios.<\/p>\n<p>\u00danase a nosotros en l\u00ednea o \u201cen el campus\u201d para obtener m\u00e1s informaci\u00f3n sobre:<\/p>\n<p>\u2022 Diferentes opciones disponibles para pagar la universidad<br \/>\n\u2022 Pr\u00e9stamos para estudiantes: qu\u00e9 son, c\u00f3mo se acumulan los intereses y mejores pr\u00e1cticas para reembolsarlos<br \/>\n\u2022 Los pormenores y c\u00f3mo completar su FAFSA y otras formas de obtener ayuda financiera<\/p>\n<p>\u00a1Este taller es perfecto para todos, incluso para aquellos con carreras indecisas! Haga clic aqu\u00ed para registrarse hoy.<\/p>\n<p>\u00a1No dude en compartirlo con familiares y amigos, y recuerde siempre otorgar el cr\u00e9dito adicional cuando se lo ofrezcan!<\/p>\n<p><a class=\"co-columns--box_button co-button\" href=\"https:\/\/www.eventbrite.com\/e\/paying-for-college-tickets-706894509507?aff=oddtdtcreator\" target=\"_blank\" rel=\"noopener\">Asistir en persona<\/a><br \/>\n<a class=\"co-columns--box_button co-button\" href=\"https:\/\/emboldcu-org.zoom.us\/webinar\/register\/WN_0nQHvNmRROanK3hGl9U8_w\" target=\"_blank\" rel=\"noopener\">Asistir en l\u00ednea<\/a><\/p>","protected":false},"excerpt":{"rendered":"<p>\u00bfUsted o alguien que le importa est\u00e1 empezando a preguntarse c\u00f3mo costear la universidad? \u00bfTienes curiosidad por la ayuda financiera y cosas como la FAFSA? Intimidado por el\u2026 <a href=\"https:\/\/www.emboldcu.org\/es\/event\/paying-for-college-2\/\">Lee mas<\/a><\/p>","protected":false},"author":26,"featured_media":0,"template":"","meta":{"_acf_changed":false,"_tribe_events_status":"","_tribe_events_status_reason":"","footnotes":""},"tags":[],"tribe_events_cat":[],"class_list":["post-9095","tribe_events","type-tribe_events","status-publish","hentry"],"acf":[],"yoast_head":"<!-- This site is optimized with the Yoast SEO Premium plugin v27.2 (Yoast SEO v27.2) - https:\/\/yoast.com\/product\/yoast-seo-premium-wordpress\/ -->\n<title>Paying for College | Embold Credit Union<\/title>\n<meta name=\"robots\" content=\"index, follow, max-snippet:-1, max-image-preview:large, max-video-preview:-1\" \/>\n<link rel=\"canonical\" href=\"https:\/\/www.emboldcu.org\/es\/event\/paying-for-college-2\/\" \/>\n<meta property=\"og:locale\" content=\"es_ES\" \/>\n<meta property=\"og:type\" content=\"article\" \/>\n<meta property=\"og:title\" content=\"Paying for College\" \/>\n<meta property=\"og:description\" content=\"Are you or is someone you care for about beginning to wonder how to afford going to college? Curious about financial aid and things like the FAFSA? Intimidated by the\u2026 Read more\" \/>\n<meta property=\"og:url\" content=\"https:\/\/www.emboldcu.org\/es\/event\/paying-for-college-2\/\" \/>\n<meta property=\"og:site_name\" content=\"Embold Credit Union\" \/>\n<meta property=\"article:publisher\" content=\"https:\/\/www.facebook.com\/emboldcu\" \/>\n<meta property=\"og:image\" content=\"https:\/\/www.emboldcu.org\/wp-content\/uploads\/2023\/08\/iStock-638602068-540x360.jpg\" \/>\n<meta name=\"twitter:card\" content=\"summary_large_image\" \/>\n<meta name=\"twitter:site\" content=\"@emboldcu\" \/>\n<meta name=\"twitter:label1\" content=\"Est. reading time\" \/>\n\t<meta name=\"twitter:data1\" content=\"1 minuto\" \/>\n<script type=\"application\/ld+json\" class=\"yoast-schema-graph\">{\"@context\":\"https:\/\/schema.org\",\"@graph\":[{\"@type\":\"WebPage\",\"@id\":\"https:\/\/www.emboldcu.org\/event\/paying-for-college-2\/\",\"url\":\"https:\/\/www.emboldcu.org\/event\/paying-for-college-2\/\",\"name\":\"Paying for College | Embold Credit Union\",\"isPartOf\":{\"@id\":\"https:\/\/www.emboldcu.org\/#website\"},\"primaryImageOfPage\":{\"@id\":\"https:\/\/www.emboldcu.org\/event\/paying-for-college-2\/#primaryimage\"},\"image\":{\"@id\":\"https:\/\/www.emboldcu.org\/event\/paying-for-college-2\/#primaryimage\"},\"thumbnailUrl\":\"https:\/\/www.emboldcu.org\/wp-content\/uploads\/2023\/08\/iStock-638602068-540x360.jpg\",\"datePublished\":\"2023-09-11T16:42:45+00:00\",\"breadcrumb\":{\"@id\":\"https:\/\/www.emboldcu.org\/event\/paying-for-college-2\/#breadcrumb\"},\"inLanguage\":\"es-ES\",\"potentialAction\":[{\"@type\":\"ReadAction\",\"target\":[\"https:\/\/www.emboldcu.org\/event\/paying-for-college-2\/\"]}]},{\"@type\":\"ImageObject\",\"inLanguage\":\"es-ES\",\"@id\":\"https:\/\/www.emboldcu.org\/event\/paying-for-college-2\/#primaryimage\",\"url\":\"https:\/\/www.emboldcu.org\/wp-content\/uploads\/2023\/08\/iStock-638602068-540x360.jpg\",\"contentUrl\":\"https:\/\/www.emboldcu.org\/wp-content\/uploads\/2023\/08\/iStock-638602068-540x360.jpg\"},{\"@type\":\"BreadcrumbList\",\"@id\":\"https:\/\/www.emboldcu.org\/event\/paying-for-college-2\/#breadcrumb\",\"itemListElement\":[{\"@type\":\"ListItem\",\"position\":1,\"name\":\"Home\",\"item\":\"https:\/\/www.emboldcu.org\/\"},{\"@type\":\"ListItem\",\"position\":2,\"name\":\"Events\",\"item\":\"https:\/\/www.emboldcu.org\/es\/events\/\"},{\"@type\":\"ListItem\",\"position\":3,\"name\":\"Paying for College\"}]},{\"@type\":\"WebSite\",\"@id\":\"https:\/\/www.emboldcu.org\/#website\",\"url\":\"https:\/\/www.emboldcu.org\/\",\"name\":\"Embold Credit Union\",\"description\":\"We\u2019ve got your back at Embold\",\"publisher\":{\"@id\":\"https:\/\/www.emboldcu.org\/#organization\"},\"potentialAction\":[{\"@type\":\"SearchAction\",\"target\":{\"@type\":\"EntryPoint\",\"urlTemplate\":\"https:\/\/www.emboldcu.org\/?s={search_term_string}\"},\"query-input\":{\"@type\":\"PropertyValueSpecification\",\"valueRequired\":true,\"valueName\":\"search_term_string\"}}],\"inLanguage\":\"es-ES\"},{\"@type\":\"Organization\",\"@id\":\"https:\/\/www.emboldcu.org\/#organization\",\"name\":\"Embold Credit Union\",\"url\":\"https:\/\/www.emboldcu.org\/\",\"logo\":{\"@type\":\"ImageObject\",\"inLanguage\":\"es-ES\",\"@id\":\"https:\/\/www.emboldcu.org\/#\/schema\/logo\/image\/\",\"url\":\"https:\/\/www.emboldcu.org\/wp-content\/uploads\/2023\/03\/Embold_XDI_Email_footer.jpg\",\"contentUrl\":\"https:\/\/www.emboldcu.org\/wp-content\/uploads\/2023\/03\/Embold_XDI_Email_footer.jpg\",\"width\":348,\"height\":179,\"caption\":\"Embold Credit Union\"},\"image\":{\"@id\":\"https:\/\/www.emboldcu.org\/#\/schema\/logo\/image\/\"},\"sameAs\":[\"https:\/\/www.facebook.com\/emboldcu\",\"https:\/\/x.com\/emboldcu\"]}]}<\/script>\n<!-- \/ Yoast SEO Premium plugin. -->","yoast_head_json":{"title":"Pagar la universidad | Embold Credit Union","robots":{"index":"index","follow":"follow","max-snippet":"max-snippet:-1","max-image-preview":"max-image-preview:large","max-video-preview":"max-video-preview:-1"},"canonical":"https:\/\/www.emboldcu.org\/es\/event\/paying-for-college-2\/","og_locale":"es_ES","og_type":"article","og_title":"Paying for College","og_description":"Are you or is someone you care for about beginning to wonder how to afford going to college? Curious about financial aid and things like the FAFSA? Intimidated by the\u2026 Read more","og_url":"https:\/\/www.emboldcu.org\/es\/event\/paying-for-college-2\/","og_site_name":"Embold Credit Union","article_publisher":"https:\/\/www.facebook.com\/emboldcu","og_image":[{"url":"https:\/\/www.emboldcu.org\/wp-content\/uploads\/2023\/08\/iStock-638602068-540x360.jpg","type":"","width":"","height":""}],"twitter_card":"summary_large_image","twitter_site":"@emboldcu","twitter_misc":{"Est. reading time":"1 minuto"},"schema":{"@context":"https:\/\/schema.org","@graph":[{"@type":"WebPage","@id":"https:\/\/www.emboldcu.org\/event\/paying-for-college-2\/","url":"https:\/\/www.emboldcu.org\/event\/paying-for-college-2\/","name":"Pagar la universidad | Embold Credit Union","isPartOf":{"@id":"https:\/\/www.emboldcu.org\/#website"},"primaryImageOfPage":{"@id":"https:\/\/www.emboldcu.org\/event\/paying-for-college-2\/#primaryimage"},"image":{"@id":"https:\/\/www.emboldcu.org\/event\/paying-for-college-2\/#primaryimage"},"thumbnailUrl":"https:\/\/www.emboldcu.org\/wp-content\/uploads\/2023\/08\/iStock-638602068-540x360.jpg","datePublished":"2023-09-11T16:42:45+00:00","breadcrumb":{"@id":"https:\/\/www.emboldcu.org\/event\/paying-for-college-2\/#breadcrumb"},"inLanguage":"es-ES","potentialAction":[{"@type":"ReadAction","target":["https:\/\/www.emboldcu.org\/event\/paying-for-college-2\/"]}]},{"@type":"ImageObject","inLanguage":"es-ES","@id":"https:\/\/www.emboldcu.org\/event\/paying-for-college-2\/#primaryimage","url":"https:\/\/www.emboldcu.org\/wp-content\/uploads\/2023\/08\/iStock-638602068-540x360.jpg","contentUrl":"https:\/\/www.emboldcu.org\/wp-content\/uploads\/2023\/08\/iStock-638602068-540x360.jpg"},{"@type":"BreadcrumbList","@id":"https:\/\/www.emboldcu.org\/event\/paying-for-college-2\/#breadcrumb","itemListElement":[{"@type":"ListItem","position":1,"name":"Home","item":"https:\/\/www.emboldcu.org\/"},{"@type":"ListItem","position":2,"name":"Events","item":"https:\/\/www.emboldcu.org\/es\/events\/"},{"@type":"ListItem","position":3,"name":"Paying for College"}]},{"@type":"WebSite","@id":"https:\/\/www.emboldcu.org\/#website","url":"https:\/\/www.emboldcu.org\/","name":"Cooperativa de cr\u00e9dito Embold","description":"En Embold te cubrimos las espaldas","publisher":{"@id":"https:\/\/www.emboldcu.org\/#organization"},"potentialAction":[{"@type":"SearchAction","target":{"@type":"EntryPoint","urlTemplate":"https:\/\/www.emboldcu.org\/?s={search_term_string}"},"query-input":{"@type":"PropertyValueSpecification","valueRequired":true,"valueName":"search_term_string"}}],"inLanguage":"es-ES"},{"@type":"Organization","@id":"https:\/\/www.emboldcu.org\/#organization","name":"Cooperativa de cr\u00e9dito Embold","url":"https:\/\/www.emboldcu.org\/","logo":{"@type":"ImageObject","inLanguage":"es-ES","@id":"https:\/\/www.emboldcu.org\/#\/schema\/logo\/image\/","url":"https:\/\/www.emboldcu.org\/wp-content\/uploads\/2023\/03\/Embold_XDI_Email_footer.jpg","contentUrl":"https:\/\/www.emboldcu.org\/wp-content\/uploads\/2023\/03\/Embold_XDI_Email_footer.jpg","width":348,"height":179,"caption":"Embold Credit Union"},"image":{"@id":"https:\/\/www.emboldcu.org\/#\/schema\/logo\/image\/"},"sameAs":["https:\/\/www.facebook.com\/emboldcu","https:\/\/x.com\/emboldcu"]}]}},"_links":{"self":[{"href":"https:\/\/www.emboldcu.org\/es\/wp-json\/wp\/v2\/tribe_events\/9095","targetHints":{"allow":["GET"]}}],"collection":[{"href":"https:\/\/www.emboldcu.org\/es\/wp-json\/wp\/v2\/tribe_events"}],"about":[{"href":"https:\/\/www.emboldcu.org\/es\/wp-json\/wp\/v2\/types\/tribe_events"}],"author":[{"embeddable":true,"href":"https:\/\/www.emboldcu.org\/es\/wp-json\/wp\/v2\/users\/26"}],"version-history":[{"count":2,"href":"https:\/\/www.emboldcu.org\/es\/wp-json\/wp\/v2\/tribe_events\/9095\/revisions"}],"predecessor-version":[{"id":10063,"href":"https:\/\/www.emboldcu.org\/es\/wp-json\/wp\/v2\/tribe_events\/9095\/revisions\/10063"}],"wp:attachment":[{"href":"https:\/\/www.emboldcu.org\/es\/wp-json\/wp\/v2\/media?parent=9095"}],"wp:term":[{"taxonomy":"post_tag","embeddable":true,"href":"https:\/\/www.emboldcu.org\/es\/wp-json\/wp\/v2\/tags?post=9095"},{"taxonomy":"tribe_events_cat","embeddable":true,"href":"https:\/\/www.emboldcu.org\/es\/wp-json\/wp\/v2\/tribe_events_cat?post=9095"}],"curies":[{"name":"wp","href":"https:\/\/api.w.org\/{rel}","templated":true}]}}

<p><img loading="lazy" decoding="async" class="size-medium wp-image-9002" src="https://www.emboldcu.org/wp-content/uploads/2023/08/iStock-638602068-540x360.jpg" alt="" width="540" height="360" srcset="https://www.emboldcu.org/wp-content/uploads/2023/08/iStock-638602068-540x360.jpg 540w, https://www.emboldcu.org/wp-content/uploads/2023/08/iStock-638602068-730x487.jpg 730w, https://www.emboldcu.org/wp-content/uploads/2023/08/iStock-638602068-768x512.jpg 768w, https://www.emboldcu.org/wp-content/uploads/2023/08/iStock-638602068-1536x1024.jpg 1536w, https://www.emboldcu.org/wp-content/uploads/2023/08/iStock-638602068-2048x1365.jpg 2048w, https://www.emboldcu.org/wp-content/uploads/2023/08/iStock-638602068-18x12.jpg 18w, https://www.emboldcu.org/wp-content/uploads/2023/08/iStock-638602068-396x264.jpg 396w, https://www.emboldcu.org/wp-content/uploads/2023/08/iStock-638602068-840x560.jpg 840w, https://www.emboldcu.org/wp-content/uploads/2023/08/iStock-638602068-75x50.jpg 75w" sizes="auto, (max-width: 540px) 100vw, 540px" /></p>
<p>¿Usted o alguien que le importa está empezando a preguntarse cómo costear la universidad? ¿Tienes curiosidad por la ayuda financiera y cosas como la FAFSA? ¿Intimidado por la frase “préstamos para estudiantes”? ¡Ay, las Humanidades!</p>
<p>No temas: nuestro taller sobre cómo pagar la universidad está aquí para brindar tranquilidad y orientación a todos los aspirantes a estudiantes universitarios.</p>
<p>Únase a nosotros en línea o “en el campus” para obtener más información sobre:</p>
<p>• Diferentes opciones disponibles para pagar la universidad<br />
• Préstamos para estudiantes: qué son, cómo se acumulan los intereses y mejores prácticas para reembolsarlos<br />
• Los pormenores y cómo completar su FAFSA y otras formas de obtener ayuda financiera</p>
<p>¡Este taller es perfecto para todos, incluso para aquellos con carreras indecisas! Haga clic aquí para registrarse hoy.</p>
<p>¡No dude en compartirlo con familiares y amigos, y recuerde siempre otorgar el crédito adicional cuando se lo ofrezcan!</p>
<p><a class="co-columns--box_button co-button" href="https://www.eventbrite.com/e/paying-for-college-tickets-706894509507?aff=oddtdtcreator" target="_blank" rel="noopener">Asistir en persona</a><br />
<a class="co-columns--box_button co-button" href="https://emboldcu-org.zoom.us/webinar/register/WN_0nQHvNmRROanK3hGl9U8_w" target="_blank" rel="noopener">Asistir en línea</a></p>

<p>¿Usted o alguien que le importa está empezando a preguntarse cómo costear la universidad? ¿Tienes curiosidad por la ayuda financiera y cosas como la FAFSA? Intimidado por el… <a href="https://www.emboldcu.org/es/event/paying-for-college-2/">Lee mas</a></p>

Cooperativa de crédito Embold
