{"id":9501,"date":"2024-03-22T09:48:01","date_gmt":"2024-03-22T16:48:01","guid":{"rendered":"https:\/\/www.emboldcu.org\/?post_type=tribe_events&#038;p=9501"},"modified":"2024-03-22T09:48:01","modified_gmt":"2024-03-22T16:48:01","slug":"public-employee-retirement-system-planning","status":"publish","type":"tribe_events","link":"https:\/\/www.emboldcu.org\/es\/event\/public-employee-retirement-system-planning\/","title":{"rendered":"Planificaci\u00f3n del Sistema de Jubilaci\u00f3n de Empleados P\u00fablicos"},"content":{"rendered":"<p>Presentado por Tony Fox, asesor financiero de CFS*.<\/p>\n<p><span class=\"OYPEnA text-decoration-none text-strikethrough-none\">Eres un <\/span><span class=\"OYPEnA text-decoration-none text-strikethrough-none\">miembro PERS<\/span><span class=\"OYPEnA text-decoration-none text-strikethrough-none\">? Cuando se trata de PERS, hay numerosas decisiones que tomar. Nuestro objetivo es guiarlo para que conozca bien PERS y seleccione las mejores opciones para alcanzar sus objetivos de jubilaci\u00f3n. Las circunstancias de cada individuo var\u00edan, por lo que sus opciones deben adaptarse a sus necesidades espec\u00edficas. Si bien las opciones disponibles pueden parecer abrumadoras, son cruciales para dar forma a su estrategia de jubilaci\u00f3n.<\/span><\/p>\n<p><span class=\"OYPEnA text-decoration-none text-strikethrough-none\">Asiste a nuestra gratuita <\/span><span class=\"OYPEnA text-decoration-none text-strikethrough-none\">Planificaci\u00f3n de jubilaci\u00f3n para empleados de PERS<\/span><span class=\"OYPEnA text-decoration-none text-strikethrough-none\"> Taller para profundizar en PERS y consideraciones clave para tu planificaci\u00f3n futura.<\/span><\/p>\n<p>\u00a1Por favor reg\u00edstrese ahora para reservar su lugar! <span class=\"OYPEnA text-decoration-none text-strikethrough-none\">\u00a1Disfrute de refrigerios durante el taller y si\u00e9ntase libre de traer a familiares y amigos! <\/span>\u00a1Date prisa, el espacio es limitado!<\/p>\n<p>*Los productos y servicios de inversi\u00f3n sin dep\u00f3sito se ofrecen a trav\u00e9s de CUSO Financial Services, LP (&quot;CFS&quot;), un corredor de bolsa registrado (Miembro FINRA\/SIPC) y un asesor de inversiones registrado en la SEC. Los productos ofrecidos a trav\u00e9s de CFS: no est\u00e1n asegurados por la NCUA\/NCUSIF ni por el gobierno federal, no son garant\u00edas ni obligaciones de la cooperativa de ahorro y cr\u00e9dito y pueden implicar un riesgo de inversi\u00f3n, incluida la posible p\u00e9rdida del principal. Los representantes de inversiones est\u00e1n registrados a trav\u00e9s de CFS. Embold Credit Union ha contratado a CFS para que los productos y servicios de inversi\u00f3n sin dep\u00f3sito est\u00e9n disponibles para los miembros de las cooperativas de ahorro y cr\u00e9dito.<\/p>\n<p><a class=\"co-columns--box_button co-button\" href=\"https:\/\/www.eventbrite.com\/e\/public-employee-retirement-system-planning-tickets-785315739517\" target=\"_blank\" rel=\"noopener\">Asistir en persona<\/a><br \/>\n<a class=\"co-columns--box_button co-button\" href=\"https:\/\/emboldcu-org.zoom.us\/webinar\/register\/WN_HzAPVZeyQCiSnnddB5NNrg\" target=\"_blank\" rel=\"noopener\">Asistir en l\u00ednea<\/a><\/p>","protected":false},"excerpt":{"rendered":"<p>Presentado por Tony Fox, asesor financiero de CFS*. \u00bfEs usted miembro de PERS? Cuando se trata de PERS, hay numerosas decisiones que tomar. Nuestro objetivo es guiarte\u2026 <a href=\"https:\/\/www.emboldcu.org\/es\/event\/public-employee-retirement-system-planning\/\">Lee mas<\/a><\/p>","protected":false},"author":26,"featured_media":9502,"template":"","meta":{"_acf_changed":false,"_tribe_events_status":"","_tribe_events_status_reason":"","footnotes":""},"tags":[],"tribe_events_cat":[12],"class_list":["post-9501","tribe_events","type-tribe_events","status-publish","has-post-thumbnail","hentry","tribe_events_cat-workshop","cat_workshop"],"acf":[],"yoast_head":"<!-- This site is optimized with the Yoast SEO Premium plugin v27.2 (Yoast SEO v27.2) - https:\/\/yoast.com\/product\/yoast-seo-premium-wordpress\/ -->\n<title>Public Employee Retirement System Planning | Embold Credit Union<\/title>\n<meta name=\"robots\" content=\"index, follow, max-snippet:-1, max-image-preview:large, max-video-preview:-1\" \/>\n<link rel=\"canonical\" href=\"https:\/\/www.emboldcu.org\/es\/event\/public-employee-retirement-system-planning\/\" \/>\n<meta property=\"og:locale\" content=\"es_ES\" \/>\n<meta property=\"og:type\" content=\"article\" \/>\n<meta property=\"og:title\" content=\"Public Employee Retirement System Planning\" \/>\n<meta property=\"og:description\" content=\"Presented by Tony Fox, CFS* Financial Advisor. Are you a PERS member? When it comes to PERS, there are numerous decisions to be made. Our aim is to guide you\u2026 Read more\" \/>\n<meta property=\"og:url\" content=\"https:\/\/www.emboldcu.org\/es\/event\/public-employee-retirement-system-planning\/\" \/>\n<meta property=\"og:site_name\" content=\"Embold Credit Union\" \/>\n<meta property=\"article:publisher\" content=\"https:\/\/www.facebook.com\/emboldcu\" \/>\n<meta property=\"og:image\" content=\"https:\/\/www.emboldcu.org\/wp-content\/uploads\/2023\/12\/iStock-915664860-scaled.jpg\" \/>\n\t<meta property=\"og:image:width\" content=\"2560\" \/>\n\t<meta property=\"og:image:height\" content=\"1707\" \/>\n\t<meta property=\"og:image:type\" content=\"image\/jpeg\" \/>\n<meta name=\"twitter:card\" content=\"summary_large_image\" \/>\n<meta name=\"twitter:site\" content=\"@emboldcu\" \/>\n<meta name=\"twitter:label1\" content=\"Est. reading time\" \/>\n\t<meta name=\"twitter:data1\" content=\"2 minutos\" \/>\n<script type=\"application\/ld+json\" class=\"yoast-schema-graph\">{\"@context\":\"https:\/\/schema.org\",\"@graph\":[{\"@type\":\"WebPage\",\"@id\":\"https:\/\/www.emboldcu.org\/event\/public-employee-retirement-system-planning\/\",\"url\":\"https:\/\/www.emboldcu.org\/event\/public-employee-retirement-system-planning\/\",\"name\":\"Public Employee Retirement System Planning | Embold Credit Union\",\"isPartOf\":{\"@id\":\"https:\/\/www.emboldcu.org\/#website\"},\"primaryImageOfPage\":{\"@id\":\"https:\/\/www.emboldcu.org\/event\/public-employee-retirement-system-planning\/#primaryimage\"},\"image\":{\"@id\":\"https:\/\/www.emboldcu.org\/event\/public-employee-retirement-system-planning\/#primaryimage\"},\"thumbnailUrl\":\"https:\/\/www.emboldcu.org\/wp-content\/uploads\/2023\/12\/iStock-915664860-scaled.jpg\",\"datePublished\":\"2024-03-22T16:48:01+00:00\",\"breadcrumb\":{\"@id\":\"https:\/\/www.emboldcu.org\/event\/public-employee-retirement-system-planning\/#breadcrumb\"},\"inLanguage\":\"es-ES\",\"potentialAction\":[{\"@type\":\"ReadAction\",\"target\":[\"https:\/\/www.emboldcu.org\/event\/public-employee-retirement-system-planning\/\"]}]},{\"@type\":\"ImageObject\",\"inLanguage\":\"es-ES\",\"@id\":\"https:\/\/www.emboldcu.org\/event\/public-employee-retirement-system-planning\/#primaryimage\",\"url\":\"https:\/\/www.emboldcu.org\/wp-content\/uploads\/2023\/12\/iStock-915664860-scaled.jpg\",\"contentUrl\":\"https:\/\/www.emboldcu.org\/wp-content\/uploads\/2023\/12\/iStock-915664860-scaled.jpg\",\"width\":2560,\"height\":1707,\"caption\":\"Three generation family are playing football together in a field. There are two boys, their father and their grandfather.\"},{\"@type\":\"BreadcrumbList\",\"@id\":\"https:\/\/www.emboldcu.org\/event\/public-employee-retirement-system-planning\/#breadcrumb\",\"itemListElement\":[{\"@type\":\"ListItem\",\"position\":1,\"name\":\"Home\",\"item\":\"https:\/\/www.emboldcu.org\/\"},{\"@type\":\"ListItem\",\"position\":2,\"name\":\"Events\",\"item\":\"https:\/\/www.emboldcu.org\/es\/events\/\"},{\"@type\":\"ListItem\",\"position\":3,\"name\":\"Public Employee Retirement System Planning\"}]},{\"@type\":\"WebSite\",\"@id\":\"https:\/\/www.emboldcu.org\/#website\",\"url\":\"https:\/\/www.emboldcu.org\/\",\"name\":\"Embold Credit Union\",\"description\":\"We\u2019ve got your back at Embold\",\"publisher\":{\"@id\":\"https:\/\/www.emboldcu.org\/#organization\"},\"potentialAction\":[{\"@type\":\"SearchAction\",\"target\":{\"@type\":\"EntryPoint\",\"urlTemplate\":\"https:\/\/www.emboldcu.org\/?s={search_term_string}\"},\"query-input\":{\"@type\":\"PropertyValueSpecification\",\"valueRequired\":true,\"valueName\":\"search_term_string\"}}],\"inLanguage\":\"es-ES\"},{\"@type\":\"Organization\",\"@id\":\"https:\/\/www.emboldcu.org\/#organization\",\"name\":\"Embold Credit Union\",\"url\":\"https:\/\/www.emboldcu.org\/\",\"logo\":{\"@type\":\"ImageObject\",\"inLanguage\":\"es-ES\",\"@id\":\"https:\/\/www.emboldcu.org\/#\/schema\/logo\/image\/\",\"url\":\"https:\/\/www.emboldcu.org\/wp-content\/uploads\/2023\/03\/Embold_XDI_Email_footer.jpg\",\"contentUrl\":\"https:\/\/www.emboldcu.org\/wp-content\/uploads\/2023\/03\/Embold_XDI_Email_footer.jpg\",\"width\":348,\"height\":179,\"caption\":\"Embold Credit Union\"},\"image\":{\"@id\":\"https:\/\/www.emboldcu.org\/#\/schema\/logo\/image\/\"},\"sameAs\":[\"https:\/\/www.facebook.com\/emboldcu\",\"https:\/\/x.com\/emboldcu\"]}]}<\/script>\n<!-- \/ Yoast SEO Premium plugin. -->","yoast_head_json":{"title":"Planificaci\u00f3n del sistema de jubilaci\u00f3n de los empleados p\u00fablicos | Embold Credit Union","robots":{"index":"index","follow":"follow","max-snippet":"max-snippet:-1","max-image-preview":"max-image-preview:large","max-video-preview":"max-video-preview:-1"},"canonical":"https:\/\/www.emboldcu.org\/es\/event\/public-employee-retirement-system-planning\/","og_locale":"es_ES","og_type":"article","og_title":"Public Employee Retirement System Planning","og_description":"Presented by Tony Fox, CFS* Financial Advisor. Are you a PERS member? When it comes to PERS, there are numerous decisions to be made. Our aim is to guide you\u2026 Read more","og_url":"https:\/\/www.emboldcu.org\/es\/event\/public-employee-retirement-system-planning\/","og_site_name":"Embold Credit Union","article_publisher":"https:\/\/www.facebook.com\/emboldcu","og_image":[{"width":2560,"height":1707,"url":"https:\/\/www.emboldcu.org\/wp-content\/uploads\/2023\/12\/iStock-915664860-scaled.jpg","type":"image\/jpeg"}],"twitter_card":"summary_large_image","twitter_site":"@emboldcu","twitter_misc":{"Est. reading time":"2 minutos"},"schema":{"@context":"https:\/\/schema.org","@graph":[{"@type":"WebPage","@id":"https:\/\/www.emboldcu.org\/event\/public-employee-retirement-system-planning\/","url":"https:\/\/www.emboldcu.org\/event\/public-employee-retirement-system-planning\/","name":"Planificaci\u00f3n del sistema de jubilaci\u00f3n de los empleados p\u00fablicos | Embold Credit Union","isPartOf":{"@id":"https:\/\/www.emboldcu.org\/#website"},"primaryImageOfPage":{"@id":"https:\/\/www.emboldcu.org\/event\/public-employee-retirement-system-planning\/#primaryimage"},"image":{"@id":"https:\/\/www.emboldcu.org\/event\/public-employee-retirement-system-planning\/#primaryimage"},"thumbnailUrl":"https:\/\/www.emboldcu.org\/wp-content\/uploads\/2023\/12\/iStock-915664860-scaled.jpg","datePublished":"2024-03-22T16:48:01+00:00","breadcrumb":{"@id":"https:\/\/www.emboldcu.org\/event\/public-employee-retirement-system-planning\/#breadcrumb"},"inLanguage":"es-ES","potentialAction":[{"@type":"ReadAction","target":["https:\/\/www.emboldcu.org\/event\/public-employee-retirement-system-planning\/"]}]},{"@type":"ImageObject","inLanguage":"es-ES","@id":"https:\/\/www.emboldcu.org\/event\/public-employee-retirement-system-planning\/#primaryimage","url":"https:\/\/www.emboldcu.org\/wp-content\/uploads\/2023\/12\/iStock-915664860-scaled.jpg","contentUrl":"https:\/\/www.emboldcu.org\/wp-content\/uploads\/2023\/12\/iStock-915664860-scaled.jpg","width":2560,"height":1707,"caption":"Three generation family are playing football together in a field. There are two boys, their father and their grandfather."},{"@type":"BreadcrumbList","@id":"https:\/\/www.emboldcu.org\/event\/public-employee-retirement-system-planning\/#breadcrumb","itemListElement":[{"@type":"ListItem","position":1,"name":"Home","item":"https:\/\/www.emboldcu.org\/"},{"@type":"ListItem","position":2,"name":"Events","item":"https:\/\/www.emboldcu.org\/es\/events\/"},{"@type":"ListItem","position":3,"name":"Public Employee Retirement System Planning"}]},{"@type":"WebSite","@id":"https:\/\/www.emboldcu.org\/#website","url":"https:\/\/www.emboldcu.org\/","name":"Cooperativa de cr\u00e9dito Embold","description":"En Embold te cubrimos las espaldas","publisher":{"@id":"https:\/\/www.emboldcu.org\/#organization"},"potentialAction":[{"@type":"SearchAction","target":{"@type":"EntryPoint","urlTemplate":"https:\/\/www.emboldcu.org\/?s={search_term_string}"},"query-input":{"@type":"PropertyValueSpecification","valueRequired":true,"valueName":"search_term_string"}}],"inLanguage":"es-ES"},{"@type":"Organization","@id":"https:\/\/www.emboldcu.org\/#organization","name":"Cooperativa de cr\u00e9dito Embold","url":"https:\/\/www.emboldcu.org\/","logo":{"@type":"ImageObject","inLanguage":"es-ES","@id":"https:\/\/www.emboldcu.org\/#\/schema\/logo\/image\/","url":"https:\/\/www.emboldcu.org\/wp-content\/uploads\/2023\/03\/Embold_XDI_Email_footer.jpg","contentUrl":"https:\/\/www.emboldcu.org\/wp-content\/uploads\/2023\/03\/Embold_XDI_Email_footer.jpg","width":348,"height":179,"caption":"Embold Credit Union"},"image":{"@id":"https:\/\/www.emboldcu.org\/#\/schema\/logo\/image\/"},"sameAs":["https:\/\/www.facebook.com\/emboldcu","https:\/\/x.com\/emboldcu"]}]}},"_links":{"self":[{"href":"https:\/\/www.emboldcu.org\/es\/wp-json\/wp\/v2\/tribe_events\/9501","targetHints":{"allow":["GET"]}}],"collection":[{"href":"https:\/\/www.emboldcu.org\/es\/wp-json\/wp\/v2\/tribe_events"}],"about":[{"href":"https:\/\/www.emboldcu.org\/es\/wp-json\/wp\/v2\/types\/tribe_events"}],"author":[{"embeddable":true,"href":"https:\/\/www.emboldcu.org\/es\/wp-json\/wp\/v2\/users\/26"}],"version-history":[{"count":4,"href":"https:\/\/www.emboldcu.org\/es\/wp-json\/wp\/v2\/tribe_events\/9501\/revisions"}],"predecessor-version":[{"id":9735,"href":"https:\/\/www.emboldcu.org\/es\/wp-json\/wp\/v2\/tribe_events\/9501\/revisions\/9735"}],"wp:featuredmedia":[{"embeddable":true,"href":"https:\/\/www.emboldcu.org\/es\/wp-json\/wp\/v2\/media\/9502"}],"wp:attachment":[{"href":"https:\/\/www.emboldcu.org\/es\/wp-json\/wp\/v2\/media?parent=9501"}],"wp:term":[{"taxonomy":"post_tag","embeddable":true,"href":"https:\/\/www.emboldcu.org\/es\/wp-json\/wp\/v2\/tags?post=9501"},{"taxonomy":"tribe_events_cat","embeddable":true,"href":"https:\/\/www.emboldcu.org\/es\/wp-json\/wp\/v2\/tribe_events_cat?post=9501"}],"curies":[{"name":"wp","href":"https:\/\/api.w.org\/{rel}","templated":true}]}}

Planificación del Sistema de Jubilación de Empleados Públicos

<p>Presentado por Tony Fox, asesor financiero de CFS*.</p>
<p><span class="OYPEnA text-decoration-none text-strikethrough-none">Eres un </span><span class="OYPEnA text-decoration-none text-strikethrough-none">miembro PERS</span><span class="OYPEnA text-decoration-none text-strikethrough-none">? Cuando se trata de PERS, hay numerosas decisiones que tomar. Nuestro objetivo es guiarlo para que conozca bien PERS y seleccione las mejores opciones para alcanzar sus objetivos de jubilación. Las circunstancias de cada individuo varían, por lo que sus opciones deben adaptarse a sus necesidades específicas. Si bien las opciones disponibles pueden parecer abrumadoras, son cruciales para dar forma a su estrategia de jubilación.</span></p>
<p><span class="OYPEnA text-decoration-none text-strikethrough-none">Asiste a nuestra gratuita </span><span class="OYPEnA text-decoration-none text-strikethrough-none">Planificación de jubilación para empleados de PERS</span><span class="OYPEnA text-decoration-none text-strikethrough-none"> Taller para profundizar en PERS y consideraciones clave para tu planificación futura.</span></p>
<p>¡Por favor regístrese ahora para reservar su lugar! <span class="OYPEnA text-decoration-none text-strikethrough-none">¡Disfrute de refrigerios durante el taller y siéntase libre de traer a familiares y amigos! </span>¡Date prisa, el espacio es limitado!</p>
<p>*Los productos y servicios de inversión sin depósito se ofrecen a través de CUSO Financial Services, LP (&quot;CFS&quot;), un corredor de bolsa registrado (Miembro FINRA/SIPC) y un asesor de inversiones registrado en la SEC. Los productos ofrecidos a través de CFS: no están asegurados por la NCUA/NCUSIF ni por el gobierno federal, no son garantías ni obligaciones de la cooperativa de ahorro y crédito y pueden implicar un riesgo de inversión, incluida la posible pérdida del principal. Los representantes de inversiones están registrados a través de CFS. Embold Credit Union ha contratado a CFS para que los productos y servicios de inversión sin depósito estén disponibles para los miembros de las cooperativas de ahorro y crédito.</p>
<p><a class="co-columns--box_button co-button" href="https://www.eventbrite.com/e/public-employee-retirement-system-planning-tickets-785315739517" target="_blank" rel="noopener">Asistir en persona</a><br />
<a class="co-columns--box_button co-button" href="https://emboldcu-org.zoom.us/webinar/register/WN_HzAPVZeyQCiSnnddB5NNrg" target="_blank" rel="noopener">Asistir en línea</a></p>

Planificación del sistema de jubilación de los empleados públicos | Embold Credit Union

Cooperativa de crédito Embold
